 p + 18. What is b(0)?
18
Let h(z) = -z**3 + 9*z**2 + 1. What is h(9)?
1
Let f(u) = 2*u**2 - u + 43. Determine f(0).
43
Let x(o) = o**3 + 4*o**2 - 7*o - 2. Give x(-5).
8
Let h(o) = -o**2 - 15*o - 31. Calculate h(-13).
-5
Let d(t) = -t**2 + 16*t - 4. Determine d(12).
44
Let h(k) = -2*k**3 - 3*k**2 - k. What is h(-2)?
6
Let h(a) = a + 14. Calculate h(-6).
8
Let m(x) = -x**3 - 29*x**2 + 2*x + 59. Determine m(-29).
1
Let a(b) = b**2 - 28*b + 188. What is a(14)?
-8
Let b(q) = 2*q + 8. Determine b(-4).
0
Let i(t) = 8*t - 4. What is i(-8)?
-68
Let r(v) = -v**3 + 9*v**2 + 19*v + 35. What is r(11)?
2
Let r(w) = 35*w. Give r(1).
35
Let g(k) = k**3 - 25*k**2 + 26*k - 56. What is g(24)?
-8
Let i(d) = -d**3 + d**2 - 2*d + 16. What is i(3)?
-8
Let f(o) = -o**3 + 3*o**2 + 21*o - 34. Determine f(-4).
-6
Let b(g) = -g**3 - 7*g**2 + 4*g + 7. Calculate b(-7).
-21
Let a(g) = 2*g**2 + 9*g - 9. Determine a(5).
86
Let o(v) = -v**2 - 58*v - 444. What is o(-49)?
-3
Let v(k) = k**3 - 11*k**2 + 2*k - 27. Determine v(11).
-5
Let p(s) = 8*s - 4. Determine p(-1).
-12
Let c(f) = 12*f + 20. Determine c(-6).
-52
Let c(b) = 104*b**2 - b + 1. What is c(-1)?
106
Let x(f) = -50*f**2 + 5*f - 4. Determine x(1).
-49
Let q(v) = -v**2 + 2*v - 1. Give q(3).
-4
Let q(t) = -t**3 + 9*t**2 - 1. Give q(9).
-1
Let t(y) = y**2 - 12*y - 8. Determine t(14).
20
Let k(u) = -2*u**3 + 2*u**2 + 9*u + 3. Determine k(3).
-6
Let g(x) = -x**2 - 7*x + 14. Determine g(-7).
14
Let q(w) = -w**3 - 8*w**2 - 3*w - 11. Give q(-8).
13
Let u(o) = o**2 + 6*o - 2. What is u(-5)?
-7
Let c(t) = -t**3 + 25*t**2 - t + 18. Calculate c(25).
-7
Let m(s) = -2*s**2 - 8*s - 4. What is m(-3)?
2
Let q(p) = 3*p**2 - 1. Calculate q(1).
2
Let y(v) = -v**2 + 7*v - 8. Give y(7).
-8
Let i(x) = -x**3 + 4*x**2 + 6*x - 5. Give i(5).
0
Let z(i) = i**2 - 12*i + 4. Give z(11).
-7
Let r(y) = 3*y - 29. Calculate r(9).
-2
Let v(q) = q**3 - 21*q**2 - 22*q + 5. Determine v(22).
5
Let c(b) = b**2 + 3*b - 48. What is c(-8)?
-8
Let w(f) = f**2 + 21*f + 111. What is w(-11)?
1
Let c(a) = a + 2. Give c(8).
10
Let b(v) = -16*v - 28. Calculate b(-9).
116
Let c(j) = -6*j - 44. Determine c(-7).
-2
Let c(f) = -f**3 + f**2 + 13*f + 5. Calculate c(-4).
33
Let z(t) = -t**3 - 15*t**2 + 17*t + 19. Calculate z(-16).
3
Let q(f) = f**3 + 10*f**2 - 13*f - 1. Give q(-11).
21
Let x(g) = -14*g + 21. Calculate x(2).
-7
Let b(i) = 6*i - 17. Calculate b(5).
13
Let m(f) = -7*f - 38. Give m(-6).
4
Let x(a) = a**2 + 5*a - 6. Determine x(-6).
0
Let r(x) = 18*x - 38. What is r(3)?
16
Let a(c) = 7*c - 6. Give a(1).
1
Let z(b) = 20*b**3 + b - 1. Calculate z(1).
20
Let d(u) = -u**3 - 3*u**2 + 5*u + 4. Calculate d(-4).
0
Let f(w) = -11*w**2 - 1. Calculate f(1).
-12
Let y(k) = -k**2 - 6*k + 11. Calculate y(-8).
-5
Let i(w) = 12*w - 53. Give i(7).
31
Let i(n) = 17*n + 1. Calculate i(2).
35
Let r(j) = j**2 - 5*j. Calculate r(5).
0
Let i(n) = -n**3 + 11*n**2 - 3*n + 12. Give i(11).
-21
Let s(i) = i**3 + 20*i**2 + 4*i + 24. Calculate s(-20).
-56
Let s(o) = o**3 - 11*o**2 + 12*o + 3. Give s(9).
-51
Let z(k) = 18*k - 3. What is z(1)?
15
Let q(v) = 3*v**2 + 24*v + 25. Calculate q(-1).
4
Let j(w) = w**3 - 17*w**2 - 38*w + 24. Give j(19).
24
Let o(r) = -10*r - 46. Determine o(-4).
-6
Let v(m) = -m + 5. What is v(13)?
-8
Let k(y) = y**3 - y**2 - 11*y - 2. Give k(-3).
-5
Let p(n) = -2*n**2 - 3*n - 7. Give p(-3).
-16
Let z(v) = -v**2 + 22*v - 138. Determine z(7).
-33
Let j(d) = -d**3 + 14*d**2 - 2*d - 7. Calculate j(0).
-7
Let d(w) = -2*w - 15. What is d(-10)?
5
Let y(o) = -o**2 - 15*o - 9. Determine y(-12).
27
Let z(y) = y - 33. Determine z(0).
-33
Let g(y) = -y**3 - 21. Determine g(0).
-21
Let j(h) = -h**2 + 26*h + 186. Give j(32).
-6
Let a(v) = -3*v - 4. Determine a(3).
-13
Let d(c) = 13*c + 42. Give d(-3).
3
Let h(u) = -u**3 + 6*u**2 + 8*u - 13. Calculate h(7).
-6
Let y(o) = 3*o**3 + o**2 + o + 2. Calculate y(-2).
-20
Let t(c) = 2*c**3 - 5*c**2 - 9*c + 5. Determine t(4).
17
Let o(j) = -3*j**3 - 115*j**2 - 35*j + 107. What is o(-38)?
-7
Let p(d) = -9*d - 330. Calculate p(-33).
-33
Let w(a) = -4*a + 47. Calculate w(10).
7
Let p(m) = -50*m**3 + m**2 - m - 1. Calculate p(-1).
51
Let d(x) = -4*x**2 + 112*x + 4. Determine d(28).
4
Let f(k) = 19*k - 45. What is f(2)?
-7
Let r(d) = -d - 4. Calculate r(3).
-7
Let s(m) = 21*m - 11. Determine s(2).
31
Let m(k) = -k**3 - k**2 - k + 83. Calculate m(0).
83
Let r(j) = 20*j - 101. Determine r(5).
-1
Let v(j) = j**3 + j - 6. Calculate v(0).
-6
Let a(o) = o + 15. Calculate a(-33).
-18
Let m(a) = -13*a**2 + 6*a + 17. Give m(-4).
-215
Let f(z) = -z**2 - 15*z - 5. Give f(-15).
-5
Let g(y) = -13*y + 127. Determine g(9).
10
Let f(m) = 2*m**3 - 13*m**2 - 7*m - 10. Calculate f(7).
-10
Let y(x) = -x - 26. Give y(-9).
-17
Let h(b) = b**2 - 12*b - 1. Determine h(13).
12
Let j(f) = 17*f - 10. Give j(1).
7
Let v(z) = -13*z - 3. Calculate v(-8).
101
Let y(z) = -7*z + 15. What is y(3)?
-6
Let k(n) = -n**3 + 5*n**2 + 21*n - 51. Give k(7).
-2
Let c(w) = 8*w**3 + 2*w - 2. What is c(1)?
8
Let r(u) = -u**2 - 19*u + 12. Give r(-17).
46
Let r(o) = -3*o + 12. Calculate r(6).
-6
Let l(n) = -3*n**3 - 4*n**2 + 4*n + 4. Determine l(-2).
4
Let y(n) = 12*n - 193. Calculate y(16).
-1
Let f(o) = -o**2 - 16*o + 19. Determine f(-17).
2
Let y(p) = p**3 + 28*p**2 + 52*p + 1. Give y(-26).
1
Let d(i) = i**3 - 9*i**2 + 10*i + 11. Calculate d(8).
27
Let j(d) = d**3 - 6*d**2 - 18*d + 5. Determine j(8).
-11
Let s(m) = 2*m**2 - 6*m + 5. Determine s(4).
13
Let c(a) = a**3 + 6*a**2 - 6*a + 24. What is c(-8)?
-56
Let m(g) = g**3 + 3*g**2 + 9. What is m(-3)?
9
Let u(r) = r**3 - 17*r**2 + 13*r + 69. What is u(16)?
21
Let n(a) = 2*a**2 + 2. Calculate n(-1).
4
Let d(m) = -3*m - 27. Calculate d(-10).
3
Let j(g) = 3*g + 63. Calculate j(0).
63
Let g(w) = 4*w**3 + 4*w**2 + w - 5. Determine g(-2).
-23
Let i(a) = -22*a + 194. Give i(9).
-4
Let z(h) = -6*h - 5. Determine z(4).
-29
Let n(f) = -f**2 + 10*f + 7. Determine n(-7).
-112
Let f(s) = s - 1. Determine f(-3).
-4
Let a(j) = -11*j**2 - 42*j - 4. Give a(-4).
-12
Let q(v) = v**2 - 29*v - 75. What is q(32)?
21
Let u(i) = i**3 + 7*i**2 - 6*i - 9. What is u(-7)?
33
Let x(a) = a**3 + 26*a**2 + 29*a + 96. What is x(-25)?
-4
Let z(n) = -2*n + 22. Give z(11).
0
Let o(l) = -4*l - 1. Give o(-3).
11
Let z(r) = -r - 38. Give z(-41).
3
Let n(o) = -o**2 - 5*o - 4. Calculate n(4).
-40
Let k(u) = -u**2 - u + 2. Determine k(2).
-4
Let v(g) = g**2 + 62*g - 398. Determine v(-68).
10
Let o(n) = -10*n - 9. Calculate o(2).
-29
Let b(n) = -2*n - 25. Determine b(-10).
-5
Let k(v) = 7*v**3 + v**2 + v. What is k(-1)?
-7
Let u(n) = -2*n + 14. Give u(-3).
20
Let j(i) = -i**2 + 7*i - 4. Determine j(3).
8
Let a(t) = -t**3 + 14*t**2 - 4. Calculate a(14).
-4
Let l(b) = -5*b + 63. Calculate l(11).
8
Let f(t) = t**3 - 14*t**2 + t - 4. Give f(14).
10
Let q(i) = i**3 + 2*i**2 + 4. Calculate q(-3).
-5
Let x(i) = i**2 - i + 6. Determine x(5).
26
Let b(k) = -9*k + 305. Determine b(35).
-10
Let b(k) = -2*k**2 + 13*k - 22. Calculate b(10).
-92
Let w(c) = 5*c + 20. Give w(-6).
-10
Let o(a) = a + 11. Give o(9).
20
Let t(b) = b**2 + 15*b + 46. What is t(-11)?
2
Let u(b) = -8*b + 2. Give u(-2).
18
Let h(o) = -o**2 - 2*o - 11. Determine h(-6).
-35
Let g(p) = p**2 - 26*p - 157. What is g(-5)?
-2
Let x(t) = -3*t + 6. Calculate x(3).
-3
Let n(g) = -g**2 + g - 7. Determine n(9).
-79
Let s(t) = 20*t - 1199. Give s(60).
1
Let x(b) = -b + 19. Determine x(12).
7
Let f(r) = -8*r**2 + 2*r + 2. Calculate f(-1).
-8
Let d(z) = z**2 - 8*z - 6. Give d(10).
14
Let i(w) = -w**2 + 48*w - 255. Calculate i(42).
-3
Let h(k) = k**2 + 4*k + 2. Determine h(-5).
7
Let o(n) = -2*n**3 + 32*n**2 - 36*n + 94. Determine o(15).
4
Let j(m) = 3*m**3 + 3*m**2 + 10*m + 8. Calculate j(-3).
-76
Let a(i) = 2*i**2 + 9*i + 10. Determine a(-10).
120
Let u(g) = g**2 - 36*g + 109. Determine u(33).
10
Let v(a) = -a**3 + 21*a**2 - 21*a + 22. Calculate v(20).
2
Let d(b) = -126*b**2 - 2*b + 2. Determine d(1).
-126
Let r(h) = h - 8. Calculate r(6).
-2
Let b(x) = -x**3 - 34*x**2 - 170*x - 61. What is b(-28)?
-5
Let u(a) = a**3 + 2*a**2 - 3*a. Determine u(2).
10
Let q(b) = 77*b + 1694. Calculate q(-22).
0
Let k(o) = -2*o**2 - 8*o - 9. What is k(-1)?
-3
Let u(f) = -2*f**3 + 15*f**2 - 21*f - 9. Calculate u(4).
19
Let c(d) = d**3 - 17*d**2 + 18*d 